(-2)) is divided by a(2)?
24
Suppose 0 = 47*n - 43*n - 264. Calculate the remainder when 461 is divided by n.
65
Let g(z) = -z**2 - 8*z + 10. Suppose -t + 5*t = 0. Suppose 0 = -t*i + 3*i + 21. What is the remainder when 32 is divided by g(i)?
15
Let u = -34 - -55. Let h(j) = -3*j**2 + 2*j - 3. Let y be h(-3). Let r = 96 + y. Calculate the remainder when r is divided by u.
18
Let a(x) = x**3 - 14*x**2 + 59*x - 9. Calculate the remainder when a(8) is divided by 33.
13
Let m = 44 - -7. Let i = -9 - -5. Calculate the remainder when m is divided by (-372)/(-28) - i/(-14).
12
Let i be (-2 - -3)*1/(-1). What is the remainder when 61 is divided by (-4 - i)/(-6)*42?
19
Suppose -5*s + 160 = z + 2*z, 2*s = -4*z + 64. Suppose g - s = -g. Let q(v) = 29*v**2 - 10*v - 10. What is the remainder when q(-1) is divided by g?
13
Let f = -74 + 89. Calculate the remainder when 627 is divided by f.
12
Let m(u) = u**2 + 10*u + 8. Calculate the remainder when m(8) is divided by 52.
48
Let k = -8 + 1128. What is the remainder when k is divided by 6?
4
Let h = -68 + 295. What is the remainder when h is divided by 33?
29
Suppose 0 = x + 4, -2*n = 3*x - 3 + 5. Suppose n*o + 252 = 57. Let t = -27 - o. Calculate the remainder when 21 is divided by t.
9
Let n(w) = -w**2 + 10*w + 2. What is the remainder when 133 is divided by n(5)?
25
Calculate the remainder when (-10)/(-4)*(5 - 3 - -28) is divided by 40.
35
Suppose -5*j - 4*f + 150 = 0, 0 = 4*j + f - 4*f - 151. What is the remainder when j is divided by 12?
10
Suppose -2*v + 12 = 2*x, -3*v - 2*x + 14 = 3*x. Suppose -9*d = -v*d - 26. What is the remainder when d is divided by 7?
5
Calculate the remainder when 1434 is divided by 2218/54 + (-6)/81.
40
Suppose 3*q = -3*s - 0*s + 75, 2*q + 54 = 2*s. What is the remainder when 75 is divided by s?
23
Let x be (1/(-3))/((-1)/6). What is the remainder when (x/2)/(2/22) is divided by 4?
3
Suppose 0 = -2*t + 3*f + 191, 5*t + f = 3*f + 483. Suppose -206*l + 160 = -198*l. Calculate the remainder when t is divided by l.
17
Suppose -3*h + 8*h - 25 = 0. Suppose 30 = h*m + 2*t + 3*t, -5*m = -4*t - 30. What is the remainder when 17 is divided by m?
5
Suppose 8*j - 72 = 712. Calculate the remainder when j is divided by 32.
2
Let g(i) = i**2 - 5*i + 8. Let n = -22 - -26. Let o be g(n). Suppose 2*m + 2*m + 88 = o*t, -5*m = -5. What is the remainder when t is divided by 13?
10
Suppose 35*o - v + 132 = 38*o, 120 = 3*o - 3*v. Calculate the remainder when 514 is divided by o.
41
Suppose 9*v = 14*v - 90. Suppose -3*m + 209 = 50. Calculate the remainder when m is divided by v.
17
Suppose k = -21*l + 26*l - 68, -3*k + 76 = 5*l. What is the remainder when 43 is divided by l?
1
Suppose -348 + 12 = -7*f. Calculate the remainder when 234 is divided by f.
42
Let u = 625 - 582. Calculate the remainder when u is divided by 37.
6
Let t(z) = -z**2 - 6*z + 5. Let w be t(-6). Suppose -w*i - b = 4*b - 120, 4*b - 117 = -5*i. Calculate the remainder when 62 is divided by i.
20
Let w be (-6)/9*-3 + (-3)/3. What is the remainder when 2899/39 + w/(-3) is divided by 25?
24
Suppose -2*q + 80 + 336 = -3*n, -4*q = -2*n - 848. What is the remainder when q is divided by 12?
10
Let x = -7 - 1. Let n = 27 - x. Let v = -23 + 33. Calculate the remainder when n is divided by v.
5
Suppose 3*k = 4*d + 87, -4*k + 3*d = -2*d - 115. Suppose k = -5*m + 5. Calculate the remainder when (4 + 292)/m*-1 is divided by 19.
17
Suppose 23*a + 6 = 25*a. Suppose -3 = -g + a. What is the remainder when g is divided by 3?
0
Suppose -d - 4*d + 2*l = -74, 6 = 2*l. Suppose -2*j + 2 = -j. Suppose -j*k = -h + 3 - 17, -16 = -4*k + 5*h. What is the remainder when d is divided by k?
7
What is the remainder when -1 + (-21)/(-28) - 4705/(-4) is divided by 11?
10
Calculate the remainder when (10 - 19) + 2 - -278 is divided by 11.
7
Let r(l) be the first derivative of -l**4/4 - 10*l**3/3 + 2*l + 3. Let i be r(-10). Suppose -p + i + 12 = 0. Calculate the remainder when 24 is divided by p.
10
Let w(k) = k + 23. Let c be w(-18). Suppose -3*x + 4*i = -50, -17 = -x + c*i - 4*i. Calculate the remainder when x is divided by 3.
0
Let v be (-12 + 6)*(-4)/(-6). Suppose 3*j = 4*x - 35, -x + 6 = 1. What is the remainder when (10/v)/j*62 is divided by 11?
9
Suppose 11*d = 6*d + 70. Calculate the remainder when 2*(-1)/((-8)/212) is divided by d.
11
Suppose 4*f + 9 = 7*f. Suppose -5*a + 7*a - 2*s - 264 = 0, -f*s - 15 = 0. What is the remainder when a is divided by 13?
10
Suppose 0 = -2*v + 3 + 87. Let x = -54 - -101. Calculate the remainder when x is divided by 8/((-5)/v*-6).
11
Let k = 213 + -200. Calculate the remainder when 37 is divided by k.
11
What is the remainder when 1602 is divided by 20/(-3)*(-270)/120?
12
Let u be -1 + 1*(3 - -2). Let m(n) = 6*n + 3. Suppose -w - 28 = -5*t + 44, 0 = 3*t + 2*w - 38. What is the remainder when m(u) is divided by t?
13
Let p(k) = -5*k + 94. Let o be p(21). Let u(a) = 2*a**3 + 21*a**2 - 16*a - 11. What is the remainder when u(o) is divided by 18?
8
Let f(a) = 3*a**3 + a - 1. Let z = -290 - -413. Calculate the remainder when z is divided by f(2).
23
Suppose -3*v - 20 = -4*k + 1, 5*k - 6 = -3*v. Let h(b) = 19*b - 39. What is the remainder when 26 is divided by h(k)?
8
Let h = -16 - -13. Calculate the remainder when 39 - ((-4)/4)/(-1) - -2 is divided by 1 + h - 1*-23.
19
Let d(g) = -35*g + 12. Let s be d(-3). Suppose -3*x = -s - 6. What is the remainder when x is divided by 13 + (-3)/(6/4)?
8
Let u = -32 + 32. Suppose -3*i = -4*n + 37, u = -3*n + 14*i - 9*i + 25. What is the remainder when 25 is divided by n?
5
Suppose 2*f + 224 = 8*m - 6*m, -4*f = m - 102. What is the remainder when m is divided by 39?
32
Suppose -2*c + 5*b = -0*c, -3*c = -5*b. Suppose f = j - 3*f - 35, c = 2*j - 2*f - 52. Calculate the remainder when 90 is divided by j.
21
Let a(k) = 4*k + 5. Let f be a(0). Suppose -2*d + 7*d = 15, 0 = 3*q - f*d - 6. Let s(w) = 2*w**2 + 2*w + 3. Calculate the remainder when s(3) is divided by q.
6
Suppose -k = 3*k - 12. Let z be (-5)/(-15) - (-41)/k. Suppose -3*r + z = -19. Calculate the remainder when r is divided by 6.
5
Let n = 329 - 236. What is the remainder when n is divided by 20?
13
Suppose 0*v + 10 = 5*v. Suppose -v*m + 103 = 51. What is the remainder when m is divided by 16?
10
Let d(v) = -v**3 - 5*v**2 - 4*v - 1. Suppose 2*p + 10 = -0*p. Let t be d(p). Suppose 0*x - t = -x. Calculate the remainder when x is divided by 11.
8
Suppose -3*s + 88 = 2*h, 5*s - 2*h - 181 = -61. Let g = 44 - s. Suppose -22 = -4*t + 18. What is the remainder when g is divided by t?
8
Let v(f) = f + 43. Calculate the remainder when v(-31) is divided by 6.
0
Suppose 4*u = -z + 43, -50 = -2*z - 3*u + 7*u. What is the remainder when 121 is divided by z?
28
Let w be (1/(-2))/(2/48). Calculate the remainder when 136/w*-3*(-4)/(-8) is divided by 3.
2
Suppose 5*q + 3*p = 600, 2*q - 4*q - 5*p = -221. What is the remainder when q is divided by (-32 + 1 - 0)*(-5 - -4)?
30
Let b = -61 - -50. Calculate the remainder when ((-24)/(-10) - 2)*35 is divided by 0 - 2 - (b - -1).
6
Let o(q) = 2*q**2 - 11*q + 8. Let k be o(7). Let n = -10 + k. Calculate the remainder when 19 is divided by n.
0
Suppose -18*k + 19*k - 257 = 0. Suppose 3*c - 155 = 2*r, -k = -5*c + 9*r - 5*r. What is the remainder when c is divided by 15?
8
Suppose 35*c = 38*c - 462. Let j = c - 43. Calculate the remainder when j is divided by 28.
27
Let b = -3 + 0. Let p = -158 - -192. What is the remainder when p is divided by b/2*(-3 + -3)?
7
Suppose -5*f + 5*j = -285, f + 2*j - 48 = -3. Suppose 0 = -t - 3*t + 72. Calculate the remainder when f is divided by t.
17
Suppose -7*l + 80 + 144 = 0. What is the remainder when 83 is divided by l?
19
Let j = 666 - 645. Calculate the remainder when 290 is divided by j.
17
Suppose 0*t = 4*t + 316. Let r = t - -133. What is the remainder when r is divided by 11?
10
Let n be (-3 - -4) + -5 + 1. Suppose 23 = 5*y - 2. Calculate the remainder when y is divided by n*3*4/(-12).
2
Let s = 1 + 8. Let v(t) = t**2 + 4*t + 3. Let w be v(-5). What is the remainder when ((-34)/8)/((-1)/w) is divided by s?
7
Suppose 8*z = 7*z + 100. What is the remainder when z is divided by 27?
19
What is the remainder when 8 + -5 + 29 + 9 is divided by 18?
5
Suppose 2*p = 5*b, 0 = -4*b + 